-8707. Calculate the remainder when d is divided by 64.
44
Let b be -12*1/3*(-33)/44. Suppose 2*v - 2*g - 20 = 58, -g - 113 = -b*v. What is the remainder when v is divided by 25?
12
Let x = -717 - -1308. Suppose -3*g - 2*g - v + 1003 = 0, -3*v - x = -3*g. What is the remainder when g is divided by 29?
26
Suppose 4*k - 4*m - 1516 = 0, -9*m = k - 11*m - 381. What is the remainder when k is divided by 14?
13
Suppose -5*i - o = -11, -2*o = -4*i - 7*o + 13. What is the remainder when 1078/44*(-1)/(i/(-8)) is divided by 52?
46
Let y(q) = -13*q + 10*q - 55 + 15. What is the remainder when 1*(1 + -2)*-38 is divided by y(-20)?
18
Suppose -5*g = -y - 62, 4*g + 3*y - 26 = 35. Let p be 5/(20/6)*106/3. Suppose -4*x = 5*c - 5, 3*c + g = 5*x + p. Calculate the remainder when c is divided by 3.
2
Let m = -158 + 394. Calculate the remainder when m is divided by ((-9)/(-6) - 4) + (-489)/(-6).
78
Suppose 2*i - 18752 = 2*c, 2*c - 34 + 30 = 0. What is the remainder when i is divided by 113?
112
Suppose 8*t - 16 = 6*t. Calculate the remainder when 28 is divided by t/((-2)/(-4)*(-3 + 4)).
12
Suppose -14*o = -10*o - 20. Suppose j - 16 = -2. Suppose -4*b - j + 102 = 0. What is the remainder when b is divided by o?
2
Let q(v) = -v**3 + 24*v**2 + 15. Let b be q(24). Let p = b - -4. What is the remainder when 208 is divided by p?
18
Let z be (-1 - 3)*(8 - (1 - 0)). Let q = z + 47. Suppose -88 = -d + 3*x, 49 + 107 = 2*d - 2*x. Calculate the remainder when d is divided by q.
16
Suppose 3*f = 12, -2*y - 2*f - 31 = -3*y. Calculate the remainder when 51 is divided by 6/y + (-1440)/(-104).
9
Let f be 1/(-3) - (-31)/3. Suppose f = t - 212. Suppose -118 = -4*p - 3*j + 50, 196 = 4*p - 4*j. Calculate the remainder when t is divided by p.
42
Let n = 4639 + -4583. What is the remainder when 4925 is divided by n?
53
Let y(n) = 8*n - 70. Let v be y(14). Suppose -v*t + 38*t = -316. What is the remainder when t is divided by -3 - (-26 + -1 - 3)?
25
Suppose -44*t + 314 = -42*t. Suppose 0 = 10*n - t - 523. What is the remainder when n is divided by 24?
20
Let k(a) = a**3 - 60*a**2 + 335*a + 49. What is the remainder when 634 is divided by k(6)?
59
Calculate the remainder when 42*((-2)/(-35))/((-127)/(-57150)) is divided by 33.
24
Calculate the remainder when 45 + -32 + 2*2546 is divided by 23.
22
Suppose -481 + 840 = 15*z - 1216. What is the remainder when 342 is divided by z?
27
Let s(b) = -4*b - 4. Let g be s(2). Let v be (-141)/g*1 + 1/4. What is the remainder when (v/(-30))/(1/(-95)) is divided by 8?
6
Let l(k) = 3*k**2 - 4. Let r be 54/81*603/6. Suppose -3*g - 5*u + r = -20, -4*u = 3*g - 87. What is the remainder when l(6) is divided by g?
17
Let c = 45 + -51. What is the remainder when 25 is divided by (c - (1 + -2)) + 26?
4
Suppose 16*u = 11*u + 555. Let r = u + -53. Suppose 3*t + 2*a - 42 = -2*a, 5*a = -4*t + 55. Calculate the remainder when r is divided by t.
8
Let h(y) = 6 + 28*y - 2*y**2 + 12*y - 17*y. Let v be h(8). Suppose -i + 6*i = 4*f + 106, -3*i + v = -2*f. Calculate the remainder when 68 is divided by i.
14
Let a = 325 - 146. Suppose 0 = 2*q - 5*r - 62, 9*q - 4*q - r - 224 = 0. What is the remainder when a is divided by q?
41
Let w = -93 - -109. Suppose -w*m + 12*m + 8 = 0. Calculate the remainder when 20 is divided by m.
0
Let r(n) = n**3 + 20*n**2 + 12*n - 22. Suppose 5*b = 3*z - 77, 2*b = 5*z - 2*z - 65. Calculate the remainder when r(-19) is divided by z.
16
Let v(f) = -f**2 - 20*f - 2. Suppose 4*d - d = 294. Suppose -d = 5*j - 2*s, -5 = -5*s + 15. Calculate the remainder when 64 is divided by v(j).
30
Let p(l) = -2*l**3 - 7*l**2 - 2*l + 5. Let m be p(-3). Suppose -282 = -m*v + d - 9, 5*d = -3*v + 390. Calculate the remainder when v is divided by 23.
20
Suppose -5*o - 3*j = -64, -j - 3*j = 3*o - 34. What is the remainder when 2194 is divided by o?
10
Suppose 468*r = 470*r - 8. Suppose 5*z = 4*d - 56, 0*d + 70 = 5*d - r*z. Calculate the remainder when 23 is divided by d.
9
Let q(f) = 4*f - 7*f + 6*f - 4 + 29. Suppose 2*j = -3*j + 65. What is the remainder when q(0) is divided by j?
12
Let a(h) = 184*h + 53. Let o be a(-6). Calculate the remainder when (-5)/(-1) - (o + 45/(-9)) is divided by 9.
8
Suppose -3*m + 0 + 21 = 0. Let g be 5032/510 + (1 - 13/15). Suppose -2*i = -3*i + g*u - 35, u = 5. Calculate the remainder when i is divided by m.
1
Suppose -11*i + 126 = 10*i. Let b(g) = 7*g**2 - 32*g + 5. What is the remainder when b(i) is divided by 22?
21
Let m be (4/(-12))/(1/3). Suppose 68 = 4*w - 8. Calculate the remainder when w is divided by 22*(m - (-6)/4).
8
Let x(c) = 10 + 3*c**2 - 2*c**2 - 17*c + 10 + 0*c**2. Let g(b) = -17*b**3 - b**2 - 2*b - 2. Let r be g(-1). Calculate the remainder when x(r) is divided by 2.
0
Let c = -24 + 27. What is the remainder when 169 is divided by 208/6*(c/(-12) + 1)?
13
Let x(c) = 2*c + 13. What is the remainder when -2*3/24*0 + 221 is divided by x(12)?
36
Suppose -37008 - 19022 + 17922 = -28*k. What is the remainder when k is divided by 271?
6
Suppose 8*m - 5*q - 79 = 6*m, 2*q = 4*m - 118. What is the remainder when 70 is divided by m?
16
Let q(l) = 2*l**2 - 21*l + 113. Let w be q(6). Let c = w + -42. Calculate the remainder when 286 is divided by c.
14
Let s(p) be the first derivative of p**6/180 + p**4/6 - 2*p**3 - 19. Let x(q) be the third derivative of s(q). What is the remainder when 69 is divided by x(2)?
9
Let p(v) = 421*v**3 + 25*v**2 - 24*v. Calculate the remainder when p(1) is divided by 389.
33
Let s be 1/(1 - -2 - (-40)/(-12)). Calculate the remainder when 2*10*(2 + s/(-6)) is divided by 13.
11
Let n = -10727 + 10819. What is the remainder when 463 is divided by n?
3
Let g(y) = -66*y + 13. Let p be g(-2). Suppose 4*o = -5*w + p, -2*o = 3*o + 5*w - 180. What is the remainder when 69 is divided by o?
34
Let x(q) = -q**3 + 14*q**2 - 78 + 2*q**2 + 93. Let h be x(16). Suppose 0 = 5*s + 5*g - h, -3*g = 11 + 4. Calculate the remainder when 39 is divided by s.
7
Let i(t) = 103*t - 3133. What is the remainder when 191 is divided by i(32)?
28
Let d = 19 - 11. Suppose -c = -5*a + 22 + d, a - 5*c - 30 = 0. What is the remainder when (-15)/20*-18 + (-4)/(-8) is divided by a?
4
Suppose 0 = -38*s - 1412 + 4338. What is the remainder when 138 is divided by s?
61
Let k(i) = -4*i - 11. Let l be k(-15). Let o = l - 153. What is the remainder when 75 is divided by 3*5/((-60)/o)?
23
Suppose 9*m - 112 - 5 = 0. Suppose 0 = -7*z + 12 + 2. Suppose z*j - 5*r = -4*r + 71, 5*r = 3*j - 103. Calculate the remainder when j is divided by m.
10
Let x(w) = 2*w**2 - 32*w - 193. Suppose -4*k = -4*f + 20, -5*f - 5*k + 27 = -28. Suppose 38 = f*g - 7*g. Calculate the remainder when x(22) is divided by g.
33
Suppose 0 = 154*p + 26*p - 113220. Calculate the remainder when p is divided by 191.
56
Let g be 15*(-18)/(-20)*8/(-6). Let w be 43/9 + (-4)/g. Suppose w*d - 5*x = 135, -4*x = -3*d - 0*x + 76. Calculate the remainder when d is divided by 12.
8
Let y = -24902 - -24916. Calculate the remainder when 323 is divided by y.
1
Suppose -33*b + 713 = -1135. Let z = b - -7. Calculate the remainder when z is divided by 4.
3
Suppose -4*q = -z - 16, -58 = -9*z + 4*z - 3*q. What is the remainder when 365 is divided by z?
5
Let b = 7049 + -7032. Let g = -43 - -89. Calculate the remainder when g is divided by b.
12
Suppose -h + 14*h = 351. Suppose 31 = 4*f - 29. Calculate the remainder when h is divided by f.
12
Let m = -39598 + 40920. What is the remainder when 2653 is divided by m?
9
Let i(l) = 5*l**2 - 13*l - 21. Let o(j) = -j**2 + j + 1. Let v(w) = -i(w) - 4*o(w). Calculate the remainder when v(10) is divided by 6.
1
Let n(d) = -d**3 + d**2 + 7. Let i be n(0). Let t = i - 4. Suppose -t*j + 20 = -j - 4*p, -j + 7 = -p. What is the remainder when j is divided by 3?
1
Suppose -3*l + 3*s + 2173 + 641 = 0, 0 = 5*s + 35. Calculate the remainder when l is divided by 104.
99
Let h(x) = x**3 - 50*x**2 + 215*x - 583. What is the remainder when h(46) is divided by 141/15 + 4/(-10)?
6
Suppose 585 = -8*i + 10*i + 3*o, 0 = i - o - 295. Let n(v) = -4*v. Let u be n(-2). Suppose -u*l = -370 - i. What is the remainder when l is divided by 21?
20
Suppose -3*m + 4*f + 16 = -m, 0 = 4*f + 8. Let u(r) = 40*r - 42. Let d = 52 + -12. What is the remainder when u(m) is divided by d?
38
Suppo